he remainder when v + 1 + -6 + 14 is divided by 4?
2
Suppose -k - 7 - 3 = 2*g, 5*g + 18 = k. Suppose 0*c + 5*j = -5*c + 40, -3*c - 4*j + 27 = 0. What is the remainder when ((-4)/(-6))/(k/(-42)) is divided by c?
4
Let m be 0 - (-1)/((-1)/12). What is the remainder when 56 is divided by 2/4 - 222/m?
18
Suppose 1 + 4 = g. Let s(w) = -w**2 - 8*w - 2. Calculate the remainder when s(-3) is divided by g.
3
Suppose -q - 14 = -4*m + 16, -q + 26 = 4*m. What is the remainder when m is divided by 3?
1
What is the remainder when ((-432)/80)/((-1)/5) is divided by 15?
12
Let p = 107 + -90. What is the remainder when p is divided by 11?
6
Let r = 6 - 4. Let f be (-2)/((-3)/r - -1). Suppose 3*j = 4*k - 52, -k = k - f*j - 26. What is the remainder when 38 is divided by k?
12
Suppose -t - 18 = t. Let d = t - -15. What is the remainder when 21 is divided by d?
3
Calculate the remainder when 70 is divided by (-225)/10*(-8)/10.
16
Suppose -4*p + 11 = -5. Suppose -3*j - p = -58. What is the remainder when 53 is divided by j?
17
Let l(y) = 7*y. Suppose d - 2 = 1. What is the remainder when l(d) is divided by 8?
5
Suppose 42 - 12 = 5*c. Calculate the remainder when 41 is divided by c.
5
Let y(f) = -f**3 - 4*f**2 - 6*f + 2. Calculate the remainder when 128 is divided by y(-4).
24
Suppose -5*b - 18 + 8 = 0. Calculate the remainder when 556/14 + b/(-7) is divided by 21.
19
Suppose 65 = 9*o - 16. Calculate the remainder when 26 is divided by o.
8
Suppose -3*s + 2*o = -0*s - 423, 0 = -4*s - 2*o + 564. Calculate the remainder when s is divided by 49.
43
Let r = 15 + -1. Let v(u) = 1 + 3 - 3*u - 5. Calculate the remainder when v(-9) is divided by r.
12
Let s = 135 + -109. Let g = 3 + -6. What is the remainder when s is divided by (g - 2)*(-14)/5?
12
Suppose -15 = -g + 7. Let o be 1/(-3)*12/(-1). Suppose o*r - 6*r + 130 = 0. Calculate the remainder when r is divided by g.
21
Let n(f) = f**2 + 10*f - 12. What is the remainder when 129 is divided by n(-12)?
9
Suppose 4*s - 8*s = -72. Suppose -15 = -3*z + s. Calculate the remainder when 41 is divided by z.
8
Let r = -49 - -33. Let o = 29 + r. What is the remainder when o is divided by 2/(-3 - -1)*-7?
6
Let y(a) = -a**3 + a**2 + a + 15. Let j be y(0). Suppose 0 = 3*g - 12, 4*t - t - 3*g = j. Calculate the remainder when 26 is divided by t.
8
Suppose 15*f = 9*f + 180. Let p = -290 - -407. What is the remainder when p is divided by f?
27
Suppose 2*v - 12 = 5*t, 0*v = -3*t - v - 5. Suppose 0 = 5*p + 3*s + 3 + 2, -2*s = 4*p + 2. Calculate the remainder when p is divided by (1 - t) + (-3 - -1).
0
Suppose 0 = -l + 1 + 33. Let f = 57 - l. Calculate the remainder when f is divided by 12.
11
Let z(s) = -s**3 - 8*s**2 + 2. Let b be z(-4). Let v = 111 + b. What is the remainder when v is divided by 25?
24
Let c(l) = 6*l - 36. What is the remainder when 44 is divided by c(10)?
20
Let c be 12/30 - (-58)/5. Suppose c = 5*m - 53. What is the remainder when m is divided by 4?
1
Let l = -17 - -25. Suppose -3*d - 6 = 9, -2*g - 2*d + l = 0. What is the remainder when 17 is divided by g?
8
Let f = -28 + 35. What is the remainder when f is divided by 5?
2
Let x = -49 + 85. Suppose 0*j + 187 = 5*b + 3*j, 2*j - x = -b. What is the remainder when b is divided by 13?
12
Let c be -1*(2 - 1)*-1. Let s(k) = 33*k**2 + 1. Calculate the remainder when s(c) is divided by 9.
7
Let g(z) = 2*z**2 + 3*z. Let w(h) = -h**3 - 6*h**2 + 3*h - 10. Calculate the remainder when g(-5) is divided by w(-7).
17
Calculate the remainder when 4 is divided by (0/(-4))/(-2) - -3.
1
Let q(p) = 2*p**2 + 3*p + 4. Calculate the remainder when q(-6) is divided by 15.
13
Suppose -z - 38 - 10 = 0. Let t be 2/5 + 137/(-5). Let r = t - z. Calculate the remainder when 61 is divided by r.
19
Let p(o) = -3*o - 9. Let i be -6 + 9 - (-1 - -1). Suppose -2*m + 58 = i*a, -5*a - 4*m - 45 = -139. What is the remainder when a is divided by p(-7)?
10
Suppose -29 = -5*p + 2*v, 26 = 4*p - 2*v - v. Suppose -4*l + 7*l - 3*i = 12, 34 = p*l + 2*i. Calculate the remainder when 11 is divided by l.
5
Let b(h) = -h**3 + 18*h**2 + 20*h - 3. What is the remainder when 45 is divided by b(19)?
13
Suppose -2*n - 244 = -6*n. Let r = -41 + 57. Calculate the remainder when n is divided by r.
13
Suppose -3*b = 2*b - 565. Calculate the remainder when b is divided by 19.
18
Suppose 5*n = s - 0*s + 42, -4*n - 4*s + 48 = 0. Calculate the remainder when 21 is divided by n.
3
Let a(p) = p**2 - 3*p. Suppose -2*t - 5*z - 64 = 199, -3*t = -5*z + 407. Let q = -82 - t. What is the remainder when q is divided by a(6)?
16
Suppose 0 = -0*b - 3*b + 198. Let u(a) = 17*a - 28. Calculate the remainder when b is divided by u(3).
20
Suppose 0 = 4*i + 4*h - 64, 2*i + 4*h - 40 = -0*h. Let j(s) = s**3 + 7*s**2 + s + 2. What is the remainder when j(-5) is divided by i?
11
Let c = 22 - 13. Let d(s) = -2*s - 12. Let a(r) = -r - 13. Let f(g) = -3*a(g) + 4*d(g). Calculate the remainder when f(-7) is divided by c.
8
Suppose s - 1 - 17 = -3*y, y + 4 = 3*s. Suppose -3*w + 10 = s*g - 20, -5*g = -5*w + 50. Calculate the remainder when (-5)/w + 31/2 is divided by 6.
3
Let o = 37 + 14. Let t(r) = -3*r**2 - 12*r + 14. What is the remainder when o is divided by t(0)?
9
Let k(u) = -4*u. Let r(m) = -3*m. Let a(d) = 2*k(d) - 3*r(d). Suppose -l - 3*q = 4*l - 32, 5*l = 2*q + 12. Calculate the remainder when a(7) is divided by l.
3
Let g = 4 - 0. Let a be ((-18)/g)/(6/(-8)). Suppose -3*c = -a*c + 12, 3*c - 6 = h. Calculate the remainder when 17 is divided by h.
5
What is the remainder when (-1)/(-1) + (-4 - -29) is divided by 14?
12
Calculate the remainder when -1 + 2 - (-15 - 27) is divided by 11.
10
Suppose 3*m - f = 4, 2*m - 5*f + 29 = 10. Suppose -3*a = a - 20. Suppose w - a*w - 71 = -m*p, -p + 27 = -2*w. What is the remainder when p is divided by 9?
8
Let n(s) = -s**2 + 10*s - 9. What is the remainder when 46 is divided by n(7)?
10
Let k = -3 + -1. Let v = -2 - k. Suppose v*a - 5*a = 3, z - 2*a - 28 = 0. Calculate the remainder when z is divided by 9.
8
Let q(k) = 2*k + 6. Let t = 12 - 8. Suppose -2 = -t*a + 22. What is the remainder when q(5) is divided by a?
4
Suppose 7*u = 53 + 59. Calculate the remainder when 26 is divided by u.
10
Let a be -5 - -3 - (1 + -9). Let d(c) = c - 4. Let j be d(a). Suppose -j*r - 48 = -6*r. What is the remainder when 22 is divided by r?
10
Let l = -1 + 3. Let a(c) = 8*c**2 + 2*c. What is the remainder when a(-1) is divided by l?
0
Let a(z) = 8*z**3 - 2*z + 1. What is the remainder when a(2) is divided by 31?
30
Let b(d) = d**3 - 9*d**2 + 9*d - 12. Let n(a) = -3*a**3 + 27*a**2 - 26*a + 37. Let s(z) = 7*b(z) + 2*n(z). What is the remainder when 53 is divided by s(8)?
11
Let j(w) = -w**3 + w**2 - w + 13. Let i be j(0). Suppose 2*m - 24 = -y, -3*y = -4*m + 61 - i. Calculate the remainder when 45 is divided by m.
9
Let w = -18 + 8. What is the remainder when 19 is divided by 14/(-35) + (-74)/w?
5
Let k = 63 + -35. Suppose 4*x = 4 + k. What is the remainder when 14 is divided by x?
6
Suppose 3*j + 2*w - 48 = 52, -4*j + 122 = -3*w. Suppose -g = -2*g + j. Calculate the remainder when g is divided by (-1)/(-2)*34*1.
15
Suppose -4*d - g = -70, -3*d - 4*g + 48 = -g. Calculate the remainder when d is divided by 7.
4
Let p(k) = 2*k**2 + 2. Suppose 5*g - g = -16. Calculate the remainder when p(g) is divided by 12.
10
Suppose -70 = 3*d - 5*d. What is the remainder when d is divided by 0 + (-5)/(5/(-12))?
11
Suppose 0 = k - i - 38, 3*k - 3*i = -2*i + 108. Let m = -8 - -17. Calculate the remainder when k is divided by m.
8
What is the remainder when 45 is divided by 26*1/(0 - -2)?
6
Let o be (-2 + 3)/((-4)/4). Let i = 4 + o. Suppose 3*t - i*w - 36 = 165, 0 = -2*t - 3*w + 124. What is the remainder when t is divided by 22?
21
Suppose 4*l = 154 + 62. Calculate the remainder when l is divided by 4 + 1 + 0 + 6.
10
Let p(o) = 10 - 29*o - 11*o - 6*o - 11. Calculate the remainder when p(-1) is divided by 12.
9
Let g = -9 - -19. Calculate the remainder when 6/27 + 331/9 is divided by g.
7
Let b(h) = 2*h**2 - 6*h. Let j(n) = -2*n - 2. Let q be j(-2). Calculate the remainder when b(5) is divided by 13 - (0 - q - -4).
9
Let o(p) = -3*p - 4. Calculate the remainder when 78 is divided by o(-8).
18
Suppose 4*a + 28 - 4 = 0. Let c = 17 - 18. Let p = c 